{"id":7604,"date":"2020-02-09T21:50:57","date_gmt":"2020-02-09T21:50:57","guid":{"rendered":"http:\/\/sample.uy\/rr\/?page_id=7604"},"modified":"2023-03-28T08:59:13","modified_gmt":"2023-03-28T11:59:13","slug":"politicas-de-calidad","status":"publish","type":"page","link":"https:\/\/rretiquetas.com.uy\/sitio\/politicas-de-calidad\/","title":{"rendered":"Pol\u00edtica de calidad"},"content":{"rendered":"<div class=\"wpb-content-wrapper\"><p>[vc_row full_width=&#8221;stretch_row&#8221; gap=&#8221;10&#8243; equal_height=&#8221;yes&#8221; css=&#8221;.vc_custom_1680004633561{margin-top: -50px !important;margin-bottom: 60px !important;padding-top: 60px !important;padding-bottom: 60px !important;}&#8221;][vc_column width=&#8221;1\/2&#8243; css=&#8221;.vc_custom_1680004548002{padding: 15px !important;background-color: #bababa !important;}&#8221;][vc_single_image image=&#8221;7628&#8243; img_size=&#8221;full&#8221; alignment=&#8221;center&#8221; css=&#8221;.vc_custom_1680004750779{padding-top: 30px !important;}&#8221;][\/vc_column][vc_column width=&#8221;1\/2&#8243; css=&#8221;.vc_custom_1680004558622{padding: 15px !important;background-color: #bababa !important;}&#8221;][vc_single_image image=&#8221;8725&#8243; img_size=&#8221;medium&#8221; alignment=&#8221;center&#8221;][\/vc_column][\/vc_row][vc_row css=&#8221;.vc_custom_1588137731654{margin-bottom: 60px !important;}&#8221;][vc_column]<header class=\"kd-section-title col-lg-12 text-left solid-line sep-border-width-4 40px kd-animated fadeIn  \" data-animation-delay=200><h2 class=\"separator_on\" >Pol\u00edtica de Calidad<\/h2><div class=\"kd-separator below_title\" style=\"width:40px;\"><div class=\"kd-separator-line\" ><\/div><\/div><h6 class=\"subtitle \" style=\"font-size: ekko uses artificial intelligence to instantly generate beautiful, unique logo ideas for your business.;\"><b> RR ETIQUETAS URUGUAY S.A. es una empresa dedicada a brindar soluciones de identificaci\u00f3n y control, fabricando etiquetas con o sin adhesivo y comercializando impresoras y ribbons.<b> <\/b><\/b><\/p>\n<p>Dispone de un sistema de gesti\u00f3n de calidad, que apunta a la mayor satisfacci\u00f3n de nuestros clientes. Este objetivo debe cumplirse seg\u00fan las directrices presentes en la siguiente pol\u00edtica de calidad:<\/p>\n<p>\u2022 Establecer relaciones confiables y a largo plazo con las partes interesadas, asegurando la rentabilidad y perdurabilidad del negocio.<\/p>\n<p>\u2022 Estricto cumplimiento de todos los requisitos:<br \/>\n\u2013 acordados con nuestros clientes<br \/>\n\u2013 legales aplicables a nuestra actividad<br \/>\n\u2013 expresados en nuestro sistema de gesti\u00f3n de calidad.<\/p>\n<p>\u2022 Mejora continua en el desempe\u00f1o de nuestros procesos de trabajo y en el grado de satisfacci\u00f3n de nuestros clientes.<\/p>\n<p>\u2022 Aportar a nuestros clientes las soluciones m\u00e1s adecuadas a sus necesidades mediante el desarrollo de nuevos dise\u00f1os y productos, as\u00ed como tambi\u00e9n optimizar los tiempos de entrega.<\/p>\n<p>\u2022 Capacitar y motivar a todas las personas integrantes de nuestro equipo de trabajo.<\/p>\n<p>La calidad de nuestra organizaci\u00f3n depende del esfuerzo de todas las personas que formamos este proyecto y de su compromiso con esta pol\u00edtica.<\/h6><\/header>[\/vc_column][\/vc_row][vc_row css=&#8221;.vc_custom_1588137731654{margin-bottom: 60px !important;}&#8221;][vc_column width=&#8221;1\/2&#8243;]<header class=\"kd-section-title col-lg-12 text-left solid-line sep-border-width-4 40px kd-animated fadeIn  \" data-animation-delay=200><h2 class=\"separator_on\" >Misi\u00f3n<\/h2><div class=\"kd-separator below_title\" style=\"width:40px;\"><div class=\"kd-separator-line\" ><\/div><\/div><\/header>[vc_custom_heading text=&#8221;Somos una empresa que brinda soluciones para identificaci\u00f3n y control, fabricando etiquetas con o sin adhesivo y tags, comercializamos impresoras y ribbons con el servicio t\u00e9cnico certificado post venta. Desarrollamos los trabajos de forma \u00e1gil y responsable primando la calidad y total satisfacci\u00f3n de nuestros clientes con procesos en constante evoluci\u00f3n.&#8221; font_container=&#8221;tag:p|font_size:18|text_align:left|line_height:1.6&#8243; use_theme_fonts=&#8221;yes&#8221; css_animation=&#8221;fadeIn&#8221; css=&#8221;.vc_custom_1590194359721{margin-top: 5px !important;}&#8221;][\/vc_column][vc_column width=&#8221;1\/2&#8243;]<header class=\"kd-section-title col-lg-12 text-left solid-line sep-border-width-4 40px kd-animated fadeIn  \" data-animation-delay=200><h2 class=\"separator_on\" >Visi\u00f3n<\/h2><div class=\"kd-separator below_title\" style=\"width:40px;\"><div class=\"kd-separator-line\" ><\/div><\/div><\/header>[vc_custom_heading text=&#8221;Ser una empresa l\u00edder en fabricaci\u00f3n de etiquetas con una l\u00ednea completa de productos que se adapten a las necesidades de nuestros clientes y potenciales clientes, cumpliendo y garantizando sus expectativas. Para ello trabajamos con personal comprometido que busca la excelencia, generando productos y servicios de calidad a trav\u00e9s de procesos de producci\u00f3n optimizados gracias a la continua innovaci\u00f3n y mejora de nuestras capacidades y recursos, tanto humanos como industriales.&#8221; font_container=&#8221;tag:p|font_size:18|text_align:left|line_height:1.6&#8243; use_theme_fonts=&#8221;yes&#8221; css_animation=&#8221;fadeIn&#8221; css=&#8221;.vc_custom_1581285394916{margin-top: 5px !important;}&#8221;][\/vc_column][\/vc_row][vc_row css=&#8221;.vc_custom_1581285920943{margin-bottom: 60px !important;}&#8221;][vc_column width=&#8221;1\/2&#8243;]<header class=\"kd-section-title col-lg-12 text-left solid-line sep-border-width-4 40px kd-animated fadeIn  \" data-animation-delay=200><h2 class=\"separator_on\" >Certificaci\u00f3n Norma ISO 9001:2015<\/h2><div class=\"kd-separator below_title\" style=\"width:40px;\"><div class=\"kd-separator-line\" ><\/div><\/div><\/header>[vc_custom_heading text=&#8221;Cumplimos con la norma ISO 9001:2015 y cada uno de nuestro procesos garantiza el cumplimiento de la misma.&#8221; font_container=&#8221;tag:p|font_size:18|text_align:left|line_height:1.6&#8243; use_theme_fonts=&#8221;yes&#8221; css_animation=&#8221;fadeIn&#8221; css=&#8221;.vc_custom_1588136690041{margin-top: 5px !important;}&#8221;][\/vc_column][vc_column width=&#8221;1\/2&#8243;][vc_single_image image=&#8221;8065&#8243; img_size=&#8221;medium&#8221; alignment=&#8221;center&#8221;][\/vc_column][\/vc_row]<\/p>\n<\/div>","protected":false},"excerpt":{"rendered":"<p>[vc_row full_width=&#8221;stretch_row&#8221; gap=&#8221;10&#8243; equal_height=&#8221;yes&#8221; css=&#8221;.vc_custom_1680004633561{margin-top: -50px !important;margin-bottom: 60px !important;padding-top: 60px !important;padding-bottom: 60px !important;}&#8221;][vc_column width=&#8221;1\/2&#8243; css=&#8221;.vc_custom_1680004548002{padding: 15px !important;background-color: #bababa !important;}&#8221;][vc_single_image image=&#8221;7628&#8243; [&hellip;]<\/p>\n","protected":false},"author":2,"featured_media":0,"parent":0,"menu_order":0,"comment_status":"closed","ping_status":"closed","template":"","meta":{"_monsterinsights_skip_tracking":false,"_monsterinsights_sitenote_active":false,"_monsterinsights_sitenote_note":"","_monsterinsights_sitenote_category":0,"footnotes":""},"class_list":["post-7604","page","type-page","status-publish","hentry"],"yoast_head":"<!-- This site is optimized with the Yoast SEO plugin v27.4 - https:\/\/yoast.com\/product\/yoast-seo-wordpress\/ -->\n<title>Pol\u00edtica de calidad - RR Etiquetas Uruguay - A Beontag Company<\/title>\n<meta name=\"robots\" content=\"index, follow, max-snippet:-1, max-image-preview:large, max-video-preview:-1\" \/>\n<link rel=\"canonical\" href=\"https:\/\/rretiquetas.com.uy\/sitio\/politicas-de-calidad\/\" \/>\n<meta property=\"og:locale\" content=\"es_ES\" \/>\n<meta property=\"og:type\" content=\"article\" \/>\n<meta property=\"og:title\" content=\"Pol\u00edtica de calidad - RR Etiquetas Uruguay - A Beontag Company\" \/>\n<meta property=\"og:description\" content=\"[vc_row full_width=&#8221;stretch_row&#8221; gap=&#8221;10&#8243; equal_height=&#8221;yes&#8221; css=&#8221;.vc_custom_1680004633561{margin-top: -50px !important;margin-bottom: 60px !important;padding-top: 60px !important;padding-bottom: 60px !important;}&#8221;][vc_column width=&#8221;1\/2&#8243; css=&#8221;.vc_custom_1680004548002{padding: 15px !important;background-color: #bababa !important;}&#8221;][vc_single_image image=&#8221;7628&#8243; [&hellip;]\" \/>\n<meta property=\"og:url\" content=\"https:\/\/rretiquetas.com.uy\/sitio\/politicas-de-calidad\/\" \/>\n<meta property=\"og:site_name\" content=\"RR Etiquetas Uruguay - A Beontag Company\" \/>\n<meta property=\"article:publisher\" content=\"https:\/\/www.facebook.com\/rretiquetasuy\/\" \/>\n<meta property=\"article:modified_time\" content=\"2023-03-28T11:59:13+00:00\" \/>\n<meta name=\"twitter:card\" content=\"summary_large_image\" \/>\n<meta name=\"twitter:label1\" content=\"Est. reading time\" \/>\n\t<meta name=\"twitter:data1\" content=\"3 minutos\" \/>\n<script type=\"application\/ld+json\" class=\"yoast-schema-graph\">{\"@context\":\"https:\\\/\\\/schema.org\",\"@graph\":[{\"@type\":\"WebPage\",\"@id\":\"https:\\\/\\\/rretiquetas.com.uy\\\/sitio\\\/politicas-de-calidad\\\/\",\"url\":\"https:\\\/\\\/rretiquetas.com.uy\\\/sitio\\\/politicas-de-calidad\\\/\",\"name\":\"Pol\u00edtica de calidad - RR Etiquetas Uruguay - A Beontag Company\",\"isPartOf\":{\"@id\":\"https:\\\/\\\/rretiquetas.com.uy\\\/sitio\\\/#website\"},\"datePublished\":\"2020-02-09T21:50:57+00:00\",\"dateModified\":\"2023-03-28T11:59:13+00:00\",\"breadcrumb\":{\"@id\":\"https:\\\/\\\/rretiquetas.com.uy\\\/sitio\\\/politicas-de-calidad\\\/#breadcrumb\"},\"inLanguage\":\"es-UY\",\"potentialAction\":[{\"@type\":\"ReadAction\",\"target\":[\"https:\\\/\\\/rretiquetas.com.uy\\\/sitio\\\/politicas-de-calidad\\\/\"]}]},{\"@type\":\"BreadcrumbList\",\"@id\":\"https:\\\/\\\/rretiquetas.com.uy\\\/sitio\\\/politicas-de-calidad\\\/#breadcrumb\",\"itemListElement\":[{\"@type\":\"ListItem\",\"position\":1,\"name\":\"Portada\",\"item\":\"https:\\\/\\\/rretiquetas.com.uy\\\/sitio\\\/\"},{\"@type\":\"ListItem\",\"position\":2,\"name\":\"Pol\u00edtica de calidad\"}]},{\"@type\":\"WebSite\",\"@id\":\"https:\\\/\\\/rretiquetas.com.uy\\\/sitio\\\/#website\",\"url\":\"https:\\\/\\\/rretiquetas.com.uy\\\/sitio\\\/\",\"name\":\"RR Etiquetas Uruguay - A Beontag Company\",\"description\":\"\",\"publisher\":{\"@id\":\"https:\\\/\\\/rretiquetas.com.uy\\\/sitio\\\/#organization\"},\"potentialAction\":[{\"@type\":\"SearchAction\",\"target\":{\"@type\":\"EntryPoint\",\"urlTemplate\":\"https:\\\/\\\/rretiquetas.com.uy\\\/sitio\\\/?s={search_term_string}\"},\"query-input\":{\"@type\":\"PropertyValueSpecification\",\"valueRequired\":true,\"valueName\":\"search_term_string\"}}],\"inLanguage\":\"es-UY\"},{\"@type\":\"Organization\",\"@id\":\"https:\\\/\\\/rretiquetas.com.uy\\\/sitio\\\/#organization\",\"name\":\"RR Etiquetas Uruguay - A Beontag Company\",\"url\":\"https:\\\/\\\/rretiquetas.com.uy\\\/sitio\\\/\",\"logo\":{\"@type\":\"ImageObject\",\"inLanguage\":\"es-UY\",\"@id\":\"https:\\\/\\\/rretiquetas.com.uy\\\/sitio\\\/#\\\/schema\\\/logo\\\/image\\\/\",\"url\":\"https:\\\/\\\/rretiquetas.com.uy\\\/sitio\\\/wp-content\\\/uploads\\\/2022\\\/03\\\/Logo-RR-Etiquetas-A-Beontag-Company.png\",\"contentUrl\":\"https:\\\/\\\/rretiquetas.com.uy\\\/sitio\\\/wp-content\\\/uploads\\\/2022\\\/03\\\/Logo-RR-Etiquetas-A-Beontag-Company.png\",\"width\":230,\"height\":134,\"caption\":\"RR Etiquetas Uruguay - A Beontag Company\"},\"image\":{\"@id\":\"https:\\\/\\\/rretiquetas.com.uy\\\/sitio\\\/#\\\/schema\\\/logo\\\/image\\\/\"},\"sameAs\":[\"https:\\\/\\\/www.facebook.com\\\/rretiquetasuy\\\/\",\"https:\\\/\\\/www.instagram.com\\\/rretiquetasuy\\\/?hl=es\",\"https:\\\/\\\/uy.linkedin.com\\\/company\\\/rr-etiquetas-uruguay\"]}]}<\/script>\n<!-- \/ Yoast SEO plugin. -->","yoast_head_json":{"title":"Pol\u00edtica de calidad - RR Etiquetas Uruguay - A Beontag Company","robots":{"index":"index","follow":"follow","max-snippet":"max-snippet:-1","max-image-preview":"max-image-preview:large","max-video-preview":"max-video-preview:-1"},"canonical":"https:\/\/rretiquetas.com.uy\/sitio\/politicas-de-calidad\/","og_locale":"es_ES","og_type":"article","og_title":"Pol\u00edtica de calidad - RR Etiquetas Uruguay - A Beontag Company","og_description":"[vc_row full_width=&#8221;stretch_row&#8221; gap=&#8221;10&#8243; equal_height=&#8221;yes&#8221; css=&#8221;.vc_custom_1680004633561{margin-top: -50px !important;margin-bottom: 60px !important;padding-top: 60px !important;padding-bottom: 60px !important;}&#8221;][vc_column width=&#8221;1\/2&#8243; css=&#8221;.vc_custom_1680004548002{padding: 15px !important;background-color: #bababa !important;}&#8221;][vc_single_image image=&#8221;7628&#8243; [&hellip;]","og_url":"https:\/\/rretiquetas.com.uy\/sitio\/politicas-de-calidad\/","og_site_name":"RR Etiquetas Uruguay - A Beontag Company","article_publisher":"https:\/\/www.facebook.com\/rretiquetasuy\/","article_modified_time":"2023-03-28T11:59:13+00:00","twitter_card":"summary_large_image","twitter_misc":{"Est. reading time":"3 minutos"},"schema":{"@context":"https:\/\/schema.org","@graph":[{"@type":"WebPage","@id":"https:\/\/rretiquetas.com.uy\/sitio\/politicas-de-calidad\/","url":"https:\/\/rretiquetas.com.uy\/sitio\/politicas-de-calidad\/","name":"Pol\u00edtica de calidad - RR Etiquetas Uruguay - A Beontag Company","isPartOf":{"@id":"https:\/\/rretiquetas.com.uy\/sitio\/#website"},"datePublished":"2020-02-09T21:50:57+00:00","dateModified":"2023-03-28T11:59:13+00:00","breadcrumb":{"@id":"https:\/\/rretiquetas.com.uy\/sitio\/politicas-de-calidad\/#breadcrumb"},"inLanguage":"es-UY","potentialAction":[{"@type":"ReadAction","target":["https:\/\/rretiquetas.com.uy\/sitio\/politicas-de-calidad\/"]}]},{"@type":"BreadcrumbList","@id":"https:\/\/rretiquetas.com.uy\/sitio\/politicas-de-calidad\/#breadcrumb","itemListElement":[{"@type":"ListItem","position":1,"name":"Portada","item":"https:\/\/rretiquetas.com.uy\/sitio\/"},{"@type":"ListItem","position":2,"name":"Pol\u00edtica de calidad"}]},{"@type":"WebSite","@id":"https:\/\/rretiquetas.com.uy\/sitio\/#website","url":"https:\/\/rretiquetas.com.uy\/sitio\/","name":"RR Etiquetas Uruguay - A Beontag Company","description":"","publisher":{"@id":"https:\/\/rretiquetas.com.uy\/sitio\/#organization"},"potentialAction":[{"@type":"SearchAction","target":{"@type":"EntryPoint","urlTemplate":"https:\/\/rretiquetas.com.uy\/sitio\/?s={search_term_string}"},"query-input":{"@type":"PropertyValueSpecification","valueRequired":true,"valueName":"search_term_string"}}],"inLanguage":"es-UY"},{"@type":"Organization","@id":"https:\/\/rretiquetas.com.uy\/sitio\/#organization","name":"RR Etiquetas Uruguay - A Beontag Company","url":"https:\/\/rretiquetas.com.uy\/sitio\/","logo":{"@type":"ImageObject","inLanguage":"es-UY","@id":"https:\/\/rretiquetas.com.uy\/sitio\/#\/schema\/logo\/image\/","url":"https:\/\/rretiquetas.com.uy\/sitio\/wp-content\/uploads\/2022\/03\/Logo-RR-Etiquetas-A-Beontag-Company.png","contentUrl":"https:\/\/rretiquetas.com.uy\/sitio\/wp-content\/uploads\/2022\/03\/Logo-RR-Etiquetas-A-Beontag-Company.png","width":230,"height":134,"caption":"RR Etiquetas Uruguay - A Beontag Company"},"image":{"@id":"https:\/\/rretiquetas.com.uy\/sitio\/#\/schema\/logo\/image\/"},"sameAs":["https:\/\/www.facebook.com\/rretiquetasuy\/","https:\/\/www.instagram.com\/rretiquetasuy\/?hl=es","https:\/\/uy.linkedin.com\/company\/rr-etiquetas-uruguay"]}]}},"_links":{"self":[{"href":"https:\/\/rretiquetas.com.uy\/sitio\/wp-json\/wp\/v2\/pages\/7604","targetHints":{"allow":["GET"]}}],"collection":[{"href":"https:\/\/rretiquetas.com.uy\/sitio\/wp-json\/wp\/v2\/pages"}],"about":[{"href":"https:\/\/rretiquetas.com.uy\/sitio\/wp-json\/wp\/v2\/types\/page"}],"author":[{"embeddable":true,"href":"https:\/\/rretiquetas.com.uy\/sitio\/wp-json\/wp\/v2\/users\/2"}],"replies":[{"embeddable":true,"href":"https:\/\/rretiquetas.com.uy\/sitio\/wp-json\/wp\/v2\/comments?post=7604"}],"version-history":[{"count":63,"href":"https:\/\/rretiquetas.com.uy\/sitio\/wp-json\/wp\/v2\/pages\/7604\/revisions"}],"predecessor-version":[{"id":8732,"href":"https:\/\/rretiquetas.com.uy\/sitio\/wp-json\/wp\/v2\/pages\/7604\/revisions\/8732"}],"wp:attachment":[{"href":"https:\/\/rretiquetas.com.uy\/sitio\/wp-json\/wp\/v2\/media?parent=7604"}],"curies":[{"name":"wp","href":"https:\/\/api.w.org\/{rel}","templated":true}]}}