{"id":8456,"date":"2022-08-28T10:56:20","date_gmt":"2022-08-28T13:56:20","guid":{"rendered":"https:\/\/rretiquetas.com.uy\/sitio\/inicio-copy\/"},"modified":"2023-02-23T08:54:28","modified_gmt":"2023-02-23T11:54:28","slug":"etiquetas-uruguay","status":"publish","type":"page","link":"https:\/\/rretiquetas.com.uy\/sitio\/etiquetas-uruguay\/","title":{"rendered":"Etiquetas Uruguay"},"content":{"rendered":"<div class=\"wpb-content-wrapper\"><p>[vc_row el_class=\u00bbunder-menu-topbar\u00bb css=\u00bb.vc_custom_1661695984819{margin-top: -50px !important;}\u00bb][vc_column][rev_slider_vc alias=\u00bbcorporate-slider\u00bb][vc_custom_heading text=\u00bbContamos con la etiqueta perfecta para tu producto\u00bb font_container=\u00bbtag:h2|text_align:center|color:%23111111&#8243; google_fonts=\u00bbfont_family:Open%20Sans%3A300%2C300italic%2Cregular%2Citalic%2C600%2C600italic%2C700%2C700italic%2C800%2C800italic|font_style:400%20regular%3A400%3Anormal\u00bb css=\u00bb.vc_custom_1661704075834{margin-top: 15px !important;}\u00bb][vc_column_text]<\/p>\n<p style=\"text-align: center;\"><strong>Una identidad visual \u00fanica que enamora al cliente a primera vista<\/strong><br \/>\n<strong>Lo asesoramos en el desarrollo de su etiqueta seg\u00fan las necesidades y el contexto del producto.<\/strong><\/p>\n<p>[\/vc_column_text][\/vc_column][\/vc_row][vc_row css=\u00bb.vc_custom_1661729845919{padding-top: 20px !important;padding-bottom: 20px !important;}\u00bb][vc_column][vc_btn title=\u00bbContactanos para recibir el mejor asesoramiento!\u00bb color=\u00bbwarning\u00bb align=\u00bbcenter\u00bb i_icon_fontawesome=\u00bbfa fa-handshake-o\u00bb css_animation=\u00bbfadeIn\u00bb add_icon=\u00bbtrue\u00bb link=\u00bburl:%23contacto|||\u00bb][\/vc_column][\/vc_row][vc_row gap=\u00bb15&#8243; equal_height=\u00bbyes\u00bb css=\u00bb.vc_custom_1661771966259{padding-top: 50px !important;padding-right: 50px !important;padding-bottom: 10px !important;padding-left: 50px !important;background-color: #eaeaea !important;}\u00bb][vc_column width=\u00bb1\/3&#8243; css=\u00bb.vc_custom_1661703686963{margin-right: 15px !important;padding-top: 10px !important;padding-right: 10px !important;padding-bottom: 10px !important;padding-left: 10px !important;background-color: #ffffff !important;border-radius: 10px !important;}\u00bb][vc_column_text]<\/p>\n<h3>Etiquetas PAI<\/h3>\n<p><a href=\"https:\/\/rretiquetas.com.uy\/sitio\/wp-content\/uploads\/2022\/08\/pai.jpg\"><img loading=\"lazy\" decoding=\"async\" class=\"wp-image-8484 size-thumbnail alignleft\" src=\"https:\/\/rretiquetas.com.uy\/sitio\/wp-content\/uploads\/2022\/08\/pai-150x150.jpg\" alt=\"\" width=\"150\" height=\"150\" \/><\/a>Poliestireno de Alto Impacto<br \/>\nCertificado para estar en contacto con alimentos<br \/>\nDistintas opciones de gramaje ( \u00b5 )<br \/>\nContamos con Test de Migraci\u00f3n vigente para presentar en auditor\u00edas BRC[\/vc_column_text][\/vc_column][vc_column width=\u00bb1\/3&#8243; css=\u00bb.vc_custom_1661703698049{margin-right: 15px !important;padding-top: 10px !important;padding-right: 10px !important;padding-bottom: 10px !important;padding-left: 10px !important;background-color: #ffffff !important;border-radius: 10px !important;}\u00bb][vc_column_text]<\/p>\n<h3>Etiquetas BOPP<\/h3>\n<p><a href=\"https:\/\/rretiquetas.com.uy\/sitio\/wp-content\/uploads\/2022\/08\/bopp.jpg\"><img loading=\"lazy\" decoding=\"async\" class=\"alignleft wp-image-8489 size-thumbnail\" src=\"https:\/\/rretiquetas.com.uy\/sitio\/wp-content\/uploads\/2022\/08\/bopp-150x150.jpg\" alt=\"\" width=\"150\" height=\"150\" \/><\/a>Polipropileno Biorientado<br \/>\nMaterial de alta resistencia y duraci\u00f3n<br \/>\nSoporta fr\u00edo, humedad, condensaci\u00f3n y fricci\u00f3n<br \/>\nVariedad de terminaciones[\/vc_column_text][\/vc_column][vc_column width=\u00bb1\/3&#8243; css=\u00bb.vc_custom_1661703572076{padding: 10px !important;background-color: #ffffff !important;border-radius: 10px !important;}\u00bb][vc_column_text]<\/p>\n<h3>BOPP Metalizado<\/h3>\n<p><a href=\"https:\/\/rretiquetas.com.uy\/sitio\/wp-content\/uploads\/2022\/08\/bopp-metalizado.jpg\"><img loading=\"lazy\" decoding=\"async\" class=\"alignleft wp-image-8490 size-thumbnail\" src=\"https:\/\/rretiquetas.com.uy\/sitio\/wp-content\/uploads\/2022\/08\/bopp-metalizado-150x150.jpg\" alt=\"\" width=\"150\" height=\"150\" \/><\/a>Material con terminaci\u00f3n metalizada reflectante<br \/>\nBrillo y reflejo met\u00e1lico<br \/>\nApariencia premium<br \/>\nGrandes posibilidades de dise\u00f1o[\/vc_column_text][\/vc_column][\/vc_row][vc_row gap=\u00bb15&#8243; css=\u00bb.vc_custom_1661779603349{padding-top: 20px !important;padding-right: 50px !important;padding-bottom: 30px !important;padding-left: 50px !important;background-color: #eaeaea !important;}\u00bb][vc_column width=\u00bb1\/3&#8243; css=\u00bb.vc_custom_1661703708378{margin-right: 15px !important;padding-top: 10px !important;padding-right: 10px !important;padding-bottom: 10px !important;padding-left: 10px !important;background-color: #ffffff !important;border-radius: 10px !important;}\u00bb][vc_column_text]<\/p>\n<h3>BOPP Transparente<\/h3>\n<p><a href=\"https:\/\/rretiquetas.com.uy\/sitio\/wp-content\/uploads\/2022\/08\/bopp-transp.jpg\"><img loading=\"lazy\" decoding=\"async\" class=\"alignleft wp-image-8492 size-thumbnail\" src=\"https:\/\/rretiquetas.com.uy\/sitio\/wp-content\/uploads\/2022\/08\/bopp-transp-150x150.jpg\" alt=\"\" width=\"150\" height=\"150\" \/><\/a>Material transparente<br \/>\nImpresi\u00f3n en tinta blanca[\/vc_column_text][\/vc_column][vc_column width=\u00bb1\/3&#8243; css=\u00bb.vc_custom_1661703603040{padding: 10px !important;background-color: #ffffff !important;border-radius: 10px !important;}\u00bb][vc_column_text css=\u00bb.vc_custom_1661703718045{margin-right: 15px !important;}\u00bb]<\/p>\n<h3>Couch\u00e9<\/h3>\n<p><a href=\"https:\/\/rretiquetas.com.uy\/sitio\/wp-content\/uploads\/2022\/08\/couche.jpg\"><img loading=\"lazy\" decoding=\"async\" class=\"alignleft wp-image-8494 size-thumbnail\" src=\"https:\/\/rretiquetas.com.uy\/sitio\/wp-content\/uploads\/2022\/08\/couche-150x150.jpg\" alt=\"\" width=\"150\" height=\"150\" \/><\/a>Material ilustraci\u00f3n<br \/>\nEtiquetas de papel[\/vc_column_text][\/vc_column][vc_column width=\u00bb1\/3&#8243; css=\u00bb.vc_custom_1661703625085{padding: 10px !important;background-color: #ffffff !important;border-radius: 10px !important;}\u00bb][vc_column_text]<\/p>\n<h3>Antifraude<\/h3>\n<p><a href=\"https:\/\/rretiquetas.com.uy\/sitio\/wp-content\/uploads\/2022\/08\/antifraude.jpg\"><img loading=\"lazy\" decoding=\"async\" class=\"alignleft wp-image-8495 size-thumbnail\" src=\"https:\/\/rretiquetas.com.uy\/sitio\/wp-content\/uploads\/2022\/08\/antifraude-150x150.jpg\" alt=\"\" width=\"150\" height=\"150\" \/><\/a>Etiquetas de seguridad.<br \/>\nCortes de seguridad.<br \/>\nMateriales especiales.<br \/>\n[\/vc_column_text][\/vc_column][\/vc_row][vc_row content_placement=\u00bbtop\u00bb css=\u00bb.vc_custom_1661779573972{background-color: #eaeaea !important;}\u00bb][vc_column css=\u00bb.vc_custom_1661779492380{margin-bottom: 25px !important;}\u00bb][vc_column_text]<\/p>\n<h3 style=\"text-align: center;\">Todas las opciones de Etiquetas para Productos<\/h3>\n<p style=\"text-align: center;\"><strong>Etiquetas en rollo &#8211; Etiquetas para fr\u00edo &#8211; Etiquetas troqueladas &#8211; Laminado brillo &#8211; Laminado mate &#8211; Barniz sectorizado &#8211; Con c\u00f3digo de barras &#8211; Con c\u00f3digos QR &#8211; Etiquetas Autoadhesivas &#8211; Etiquetas para Frascos &#8211; Etiquetas para Botellas &#8211; Etiquetas para Envases<\/strong><\/p>\n<p>[\/vc_column_text][\/vc_column][\/vc_row][vc_row css=\u00bb.vc_custom_1661730639620{margin-top: 50px !important;margin-bottom: 50px !important;}\u00bb][vc_column width=\u00bb1\/2&#8243; offset=\u00bbvc_hidden-xs\u00bb][vc_images_carousel images=\u00bb8570,8575,8598&#8243; img_size=\u00bbfull\u00bb autoplay=\u00bbyes\u00bb wrap=\u00bbyes\u00bb][\/vc_column][vc_column width=\u00bb1\/2&#8243; el_id=\u00bbcontacto\u00bb]<header class=\"kd-section-title col-lg-12 text-center    \" ><h2 class=\"separator_off\" style=\"font-size: 45px;\">Contactanos!<\/h2><h6 class=\"subtitle \" style=\"font-size: 22px;\">Te responderemos a la brevedad con la mejor propuesta.<\/h6><\/header>\n<div class=\"wpcf7 no-js\" id=\"wpcf7-f8587-o1\" lang=\"es-ES\" dir=\"ltr\" data-wpcf7-id=\"8587\">\n<div class=\"screen-reader-response\"><p role=\"status\" aria-live=\"polite\" aria-atomic=\"true\"><\/p> <ul><\/ul><\/div>\n<form action=\"\/sitio\/wp-json\/wp\/v2\/pages\/8456#wpcf7-f8587-o1\" method=\"post\" class=\"wpcf7-form init\" aria-label=\"Formulario de contacto\" novalidate=\"novalidate\" data-status=\"init\">\n<div style=\"display: none;\">\n<input type=\"hidden\" name=\"_wpcf7\" value=\"8587\" \/>\n<input type=\"hidden\" name=\"_wpcf7_version\" value=\"6.0\" \/>\n<input type=\"hidden\" name=\"_wpcf7_locale\" value=\"es_ES\" \/>\n<input type=\"hidden\" name=\"_wpcf7_unit_tag\" value=\"wpcf7-f8587-o1\" \/>\n<input type=\"hidden\" name=\"_wpcf7_container_post\" value=\"0\" \/>\n<input type=\"hidden\" name=\"_wpcf7_posted_data_hash\" value=\"\" \/>\n<input type=\"hidden\" name=\"_wpcf7_recaptcha_response\" value=\"\" \/>\n<\/div>\n<p><label> Tu nombre<br \/>\n<span class=\"wpcf7-form-control-wrap\" data-name=\"your-name\"><input size=\"40\" maxlength=\"400\" class=\"wpcf7-form-control wpcf7-text wpcf7-validates-as-required\" aria-required=\"true\" aria-invalid=\"false\" value=\"\" type=\"text\" name=\"your-name\" \/><\/span> <\/label>\n<\/p>\n<p><label> Tu correo electr\u00f3nico<br \/>\n<span class=\"wpcf7-form-control-wrap\" data-name=\"your-email\"><input size=\"40\" maxlength=\"400\" class=\"wpcf7-form-control wpcf7-email wpcf7-validates-as-required wpcf7-text wpcf7-validates-as-email\" aria-required=\"true\" aria-invalid=\"false\" value=\"\" type=\"email\" name=\"your-email\" \/><\/span> <\/label>\n<\/p>\n<p><label> Tel\u00e9fono<br \/>\n<span class=\"wpcf7-form-control-wrap\" data-name=\"tel-689\"><input size=\"40\" maxlength=\"400\" class=\"wpcf7-form-control wpcf7-tel wpcf7-validates-as-required wpcf7-text wpcf7-validates-as-tel\" aria-required=\"true\" aria-invalid=\"false\" value=\"\" type=\"tel\" name=\"tel-689\" \/><\/span><\/label>\n<\/p>\n<p><label> Industria o Producto<br \/>\n<span class=\"wpcf7-form-control-wrap\" data-name=\"text-791\"><input size=\"40\" maxlength=\"400\" class=\"wpcf7-form-control wpcf7-text wpcf7-validates-as-required\" aria-required=\"true\" aria-invalid=\"false\" value=\"\" type=\"text\" name=\"text-791\" \/><\/span><\/label>\n<\/p>\n<p><label>Selecciones la cantidad estimada de etiquetas<br \/>\n<span class=\"wpcf7-form-control-wrap\" data-name=\"menu-763\"><select class=\"wpcf7-form-control wpcf7-select wpcf7-validates-as-required\" aria-required=\"true\" aria-invalid=\"false\" name=\"menu-763\"><option value=\"3.000 a 5.000\">3.000 a 5.000<\/option><option value=\"5.000 a 10.000\">5.000 a 10.000<\/option><option value=\"m\u00e1s de 10.000\">m\u00e1s de 10.000<\/option><\/select><\/span><\/label>\n<\/p>\n<p><label> Tu mensaje<br \/>\n<span class=\"wpcf7-form-control-wrap\" data-name=\"your-message\"><textarea cols=\"40\" rows=\"10\" maxlength=\"2000\" class=\"wpcf7-form-control wpcf7-textarea wpcf7-validates-as-required\" aria-required=\"true\" aria-invalid=\"false\" name=\"your-message\"><\/textarea><\/span> <\/label>\n<\/p>\n<p><input class=\"wpcf7-form-control wpcf7-submit has-spinner\" type=\"submit\" value=\"Enviar\" \/>\n<\/p><div class=\"wpcf7-response-output\" aria-hidden=\"true\"><\/div>\n<\/form>\n<\/div>\n[\/vc_column][\/vc_row][vc_row][vc_column css=\u00bb.vc_custom_1661729611886{margin-bottom: 20px !important;}\u00bb][vc_custom_heading text=\u00bbServicios\u00bb font_container=\u00bbtag:h2|text_align:center|color:%23111111&#8243; google_fonts=\u00bbfont_family:Open%20Sans%3A300%2C300italic%2Cregular%2Citalic%2C600%2C600italic%2C700%2C700italic%2C800%2C800italic|font_style:400%20regular%3A400%3Anormal\u00bb css=\u00bb.vc_custom_1661729423116{margin-top: 15px !important;}\u00bb][\/vc_column][\/vc_row][vc_row gap=\u00bb15&#8243; equal_height=\u00bbyes\u00bb content_placement=\u00bbmiddle\u00bb css=\u00bb.vc_custom_1661772333585{margin-left: 50px !important;padding-left: 50px !important;border-radius: 10px !important;}\u00bb][vc_column][vc_single_image image=\u00bb8579&#8243; img_size=\u00bblarge\u00bb alignment=\u00bbcenter\u00bb style=\u00bbvc_box_shadow\u00bb][\/vc_column][\/vc_row][vc_row][vc_column css=\u00bb.vc_custom_1661728338662{margin-bottom: 20px !important;}\u00bb][vc_column_text]<\/p>\n<p style=\"text-align: center;\"><strong>Le asesoramos en el desarrollo de su etiqueta seg\u00fan las necesidades y el contexto del producto.<\/strong><\/p>\n<p>[\/vc_column_text][\/vc_column][\/vc_row][vc_row css=\u00bb.vc_custom_1661729845919{padding-top: 20px !important;padding-bottom: 20px !important;}\u00bb][vc_column][vc_btn title=\u00bbDescripci\u00f3n de nuestros servicios\u00bb color=\u00bbwarning\u00bb align=\u00bbcenter\u00bb i_align=\u00bbright\u00bb i_icon_fontawesome=\u00bbfa fa-share\u00bb css_animation=\u00bbfadeIn\u00bb add_icon=\u00bbtrue\u00bb link=\u00bburl:https%3A%2F%2Frretiquetas.com.uy%2Fsitio%2Fproductos-y-servicios%2F||target:%20_blank|\u00bb][\/vc_column][\/vc_row][vc_row css=\u00bb.vc_custom_1661729893583{margin-top: 40px !important;padding-top: 30px !important;padding-bottom: 30px !important;background-color: #f9f9f9 !important;}\u00bb][vc_column width=\u00bb1\/2&#8243;][vc_column_text]<\/p>\n<h2 style=\"text-align: right;\">Certificaci\u00f3n Norma ISO 9001:2015<\/h2>\n<p style=\"text-align: right;\">Cumplimos con la norma ISO 9001:2015<\/p>\n<p style=\"text-align: right;\">y cada uno de nuestro procesos garantiza el cumplimiento de la misma.<\/p>\n<p>[\/vc_column_text][vc_btn title=\u00bbPol\u00edtica de calidad\u00bb color=\u00bbwarning\u00bb align=\u00bbright\u00bb i_align=\u00bbright\u00bb i_icon_fontawesome=\u00bbfa fa-share\u00bb css_animation=\u00bbfadeIn\u00bb add_icon=\u00bbtrue\u00bb link=\u00bburl:https%3A%2F%2Frretiquetas.com.uy%2Fsitio%2Fpoliticas-de-calidad%2F||target:%20_blank|\u00bb][\/vc_column][vc_column width=\u00bb1\/2&#8243;][vc_single_image image=\u00bb8532&#8243; img_size=\u00bbfull\u00bb css=\u00bb.vc_custom_1661773881783{padding-left: 50px !important;}\u00bb][\/vc_column][\/vc_row][vc_row css=\u00bb.vc_custom_1661772995781{margin-top: 30px !important;}\u00bb][vc_column css=\u00bb.vc_custom_1661728338662{margin-bottom: 20px !important;}\u00bb][vc_column_text]<\/p>\n<h2 class=\"separator_off\" style=\"text-align: center;\">Trabajemos juntos para crear una experiencia verdaderamente \u00fanica e inolvidable. \u00a1Cont\u00e1ctenos!<\/h2>\n<p>[\/vc_column_text][\/vc_column][\/vc_row][vc_row][vc_column width=\u00bb1\/5&#8243;][\/vc_column][vc_column width=\u00bb1\/5&#8243; offset=\u00bbvc_hidden-xs\u00bb][vc_icon icon_fontawesome=\u00bbfa fa-facebook-square\u00bb color=\u00bbblack\u00bb background_style=\u00bbrounded-outline\u00bb align=\u00bbright\u00bb link=\u00bburl:https%3A%2F%2Fwww.facebook.com%2Frretiquetasuy%2F||target:%20_blank|\u00bb][\/vc_column][vc_column width=\u00bb1\/5&#8243; offset=\u00bbvc_hidden-xs\u00bb][vc_icon icon_fontawesome=\u00bbfa fa-instagram\u00bb color=\u00bbblack\u00bb background_style=\u00bbrounded-outline\u00bb align=\u00bbcenter\u00bb link=\u00bburl:https%3A%2F%2Fwww.instagram.com%2Frretiquetasuy%2F%3Fhl%3Des||target:%20_blank|\u00bb][\/vc_column][vc_column width=\u00bb1\/5&#8243; offset=\u00bbvc_hidden-xs\u00bb][vc_icon icon_fontawesome=\u00bbfa fa-linkedin-square\u00bb color=\u00bbblack\u00bb background_style=\u00bbrounded-outline\u00bb link=\u00bburl:https%3A%2F%2Fuy.linkedin.com%2Fcompany%2Frr-etiquetas-uruguay||target:%20_blank|\u00bb][\/vc_column][vc_column width=\u00bb1\/5&#8243;][\/vc_column][\/vc_row]<\/p>\n<\/div>","protected":false},"excerpt":{"rendered":"<p>[vc_row el_class=\u00bbunder-menu-topbar\u00bb css=\u00bb.vc_custom_1661695984819{margin-top: -50px !important;}\u00bb][vc_column][rev_slider_vc alias=\u00bbcorporate-slider\u00bb][vc_custom_heading text=\u00bbContamos con la etiqueta perfecta para tu producto\u00bb font_container=\u00bbtag:h2|text_align:center|color:%23111111&#8243; google_fonts=\u00bbfont_family:Open%20Sans%3A300%2C300italic%2Cregular%2Citalic%2C600%2C600italic%2C700%2C700italic%2C800%2C800italic|font_style:400%20regular%3A400%3Anormal\u00bb css=\u00bb.vc_custom_1661704075834{margin-top: 15px !important;}\u00bb][vc_column_text] Una [&hellip;]<\/p>\n","protected":false},"author":2,"featured_media":8160,"parent":0,"menu_order":0,"comment_status":"closed","ping_status":"closed","template":"","meta":{"_monsterinsights_skip_tracking":false,"_monsterinsights_sitenote_active":false,"_monsterinsights_sitenote_note":"","_monsterinsights_sitenote_category":0,"footnotes":""},"class_list":["post-8456","page","type-page","status-publish","has-post-thumbnail","hentry"],"yoast_head":"<!-- This site is optimized with the Yoast SEO plugin v23.8 - https:\/\/yoast.com\/wordpress\/plugins\/seo\/ -->\n<title>Etiquetas Uruguay - RR Etiquetas Uruguay - A Beontag Company<\/title>\n<meta name=\"description\" content=\"Para tu Producto, la Mejor Etiqueta. Somos l\u00edderes en fabricaci\u00f3n de Etiquetas en Uruguay, para todo tipo de productos, contactanos!\" \/>\n<meta name=\"robots\" content=\"index, follow, max-snippet:-1, max-image-preview:large, max-video-preview:-1\" \/>\n<link rel=\"canonical\" href=\"https:\/\/rretiquetas.com.uy\/sitio\/etiquetas-uruguay\/\" \/>\n<meta property=\"og:locale\" content=\"es_ES\" \/>\n<meta property=\"og:type\" content=\"article\" \/>\n<meta property=\"og:title\" content=\"Etiquetas Uruguay - RR Etiquetas Uruguay - A Beontag Company\" \/>\n<meta property=\"og:description\" content=\"Para tu Producto, la Mejor Etiqueta. Somos l\u00edderes en fabricaci\u00f3n de Etiquetas en Uruguay, para todo tipo de productos, contactanos!\" \/>\n<meta property=\"og:url\" content=\"https:\/\/rretiquetas.com.uy\/sitio\/etiquetas-uruguay\/\" \/>\n<meta property=\"og:site_name\" content=\"RR Etiquetas Uruguay - A Beontag Company\" \/>\n<meta property=\"article:publisher\" content=\"https:\/\/www.facebook.com\/rretiquetasuy\/\" \/>\n<meta property=\"article:modified_time\" content=\"2023-02-23T11:54:28+00:00\" \/>\n<meta property=\"og:image\" content=\"https:\/\/rretiquetas.com.uy\/sitio\/wp-content\/uploads\/2020\/05\/cropped-rrlogo-01-1.png\" \/>\n\t<meta property=\"og:image:width\" content=\"512\" \/>\n\t<meta property=\"og:image:height\" content=\"512\" \/>\n\t<meta property=\"og:image:type\" content=\"image\/png\" \/>\n<meta name=\"twitter:card\" content=\"summary_large_image\" \/>\n<meta name=\"twitter:label1\" content=\"Est. reading time\" \/>\n\t<meta name=\"twitter:data1\" content=\"4 minutos\" \/>\n<script type=\"application\/ld+json\" class=\"yoast-schema-graph\">{\"@context\":\"https:\/\/schema.org\",\"@graph\":[{\"@type\":\"WebPage\",\"@id\":\"https:\/\/rretiquetas.com.uy\/sitio\/etiquetas-uruguay\/\",\"url\":\"https:\/\/rretiquetas.com.uy\/sitio\/etiquetas-uruguay\/\",\"name\":\"Etiquetas Uruguay - RR Etiquetas Uruguay - A Beontag Company\",\"isPartOf\":{\"@id\":\"https:\/\/rretiquetas.com.uy\/sitio\/#website\"},\"primaryImageOfPage\":{\"@id\":\"https:\/\/rretiquetas.com.uy\/sitio\/etiquetas-uruguay\/#primaryimage\"},\"image\":{\"@id\":\"https:\/\/rretiquetas.com.uy\/sitio\/etiquetas-uruguay\/#primaryimage\"},\"thumbnailUrl\":\"https:\/\/rretiquetas.com.uy\/sitio\/wp-content\/uploads\/2020\/05\/cropped-rrlogo-01-1.png\",\"datePublished\":\"2022-08-28T13:56:20+00:00\",\"dateModified\":\"2023-02-23T11:54:28+00:00\",\"description\":\"Para tu Producto, la Mejor Etiqueta. Somos l\u00edderes en fabricaci\u00f3n de Etiquetas en Uruguay, para todo tipo de productos, contactanos!\",\"breadcrumb\":{\"@id\":\"https:\/\/rretiquetas.com.uy\/sitio\/etiquetas-uruguay\/#breadcrumb\"},\"inLanguage\":\"es-UY\",\"potentialAction\":[{\"@type\":\"ReadAction\",\"target\":[\"https:\/\/rretiquetas.com.uy\/sitio\/etiquetas-uruguay\/\"]}]},{\"@type\":\"ImageObject\",\"inLanguage\":\"es-UY\",\"@id\":\"https:\/\/rretiquetas.com.uy\/sitio\/etiquetas-uruguay\/#primaryimage\",\"url\":\"https:\/\/rretiquetas.com.uy\/sitio\/wp-content\/uploads\/2020\/05\/cropped-rrlogo-01-1.png\",\"contentUrl\":\"https:\/\/rretiquetas.com.uy\/sitio\/wp-content\/uploads\/2020\/05\/cropped-rrlogo-01-1.png\",\"width\":512,\"height\":512},{\"@type\":\"BreadcrumbList\",\"@id\":\"https:\/\/rretiquetas.com.uy\/sitio\/etiquetas-uruguay\/#breadcrumb\",\"itemListElement\":[{\"@type\":\"ListItem\",\"position\":1,\"name\":\"Portada\",\"item\":\"https:\/\/rretiquetas.com.uy\/sitio\/\"},{\"@type\":\"ListItem\",\"position\":2,\"name\":\"Etiquetas Uruguay\"}]},{\"@type\":\"WebSite\",\"@id\":\"https:\/\/rretiquetas.com.uy\/sitio\/#website\",\"url\":\"https:\/\/rretiquetas.com.uy\/sitio\/\",\"name\":\"RR Etiquetas Uruguay - A Beontag Company\",\"description\":\"\",\"publisher\":{\"@id\":\"https:\/\/rretiquetas.com.uy\/sitio\/#organization\"},\"potentialAction\":[{\"@type\":\"SearchAction\",\"target\":{\"@type\":\"EntryPoint\",\"urlTemplate\":\"https:\/\/rretiquetas.com.uy\/sitio\/?s={search_term_string}\"},\"query-input\":{\"@type\":\"PropertyValueSpecification\",\"valueRequired\":true,\"valueName\":\"search_term_string\"}}],\"inLanguage\":\"es-UY\"},{\"@type\":\"Organization\",\"@id\":\"https:\/\/rretiquetas.com.uy\/sitio\/#organization\",\"name\":\"RR Etiquetas Uruguay - A Beontag Company\",\"url\":\"https:\/\/rretiquetas.com.uy\/sitio\/\",\"logo\":{\"@type\":\"ImageObject\",\"inLanguage\":\"es-UY\",\"@id\":\"https:\/\/rretiquetas.com.uy\/sitio\/#\/schema\/logo\/image\/\",\"url\":\"https:\/\/rretiquetas.com.uy\/sitio\/wp-content\/uploads\/2022\/03\/Logo-RR-Etiquetas-A-Beontag-Company.png\",\"contentUrl\":\"https:\/\/rretiquetas.com.uy\/sitio\/wp-content\/uploads\/2022\/03\/Logo-RR-Etiquetas-A-Beontag-Company.png\",\"width\":230,\"height\":134,\"caption\":\"RR Etiquetas Uruguay - A Beontag Company\"},\"image\":{\"@id\":\"https:\/\/rretiquetas.com.uy\/sitio\/#\/schema\/logo\/image\/\"},\"sameAs\":[\"https:\/\/www.facebook.com\/rretiquetasuy\/\",\"https:\/\/www.instagram.com\/rretiquetasuy\/?hl=es\",\"https:\/\/uy.linkedin.com\/company\/rr-etiquetas-uruguay\"]}]}<\/script>\n<!-- \/ Yoast SEO plugin. -->","yoast_head_json":{"title":"Etiquetas Uruguay - RR Etiquetas Uruguay - A Beontag Company","description":"Para tu Producto, la Mejor Etiqueta. Somos l\u00edderes en fabricaci\u00f3n de Etiquetas en Uruguay, para todo tipo de productos, contactanos!","robots":{"index":"index","follow":"follow","max-snippet":"max-snippet:-1","max-image-preview":"max-image-preview:large","max-video-preview":"max-video-preview:-1"},"canonical":"https:\/\/rretiquetas.com.uy\/sitio\/etiquetas-uruguay\/","og_locale":"es_ES","og_type":"article","og_title":"Etiquetas Uruguay - RR Etiquetas Uruguay - A Beontag Company","og_description":"Para tu Producto, la Mejor Etiqueta. Somos l\u00edderes en fabricaci\u00f3n de Etiquetas en Uruguay, para todo tipo de productos, contactanos!","og_url":"https:\/\/rretiquetas.com.uy\/sitio\/etiquetas-uruguay\/","og_site_name":"RR Etiquetas Uruguay - A Beontag Company","article_publisher":"https:\/\/www.facebook.com\/rretiquetasuy\/","article_modified_time":"2023-02-23T11:54:28+00:00","og_image":[{"width":512,"height":512,"url":"https:\/\/rretiquetas.com.uy\/sitio\/wp-content\/uploads\/2020\/05\/cropped-rrlogo-01-1.png","type":"image\/png"}],"twitter_card":"summary_large_image","twitter_misc":{"Est. reading time":"4 minutos"},"schema":{"@context":"https:\/\/schema.org","@graph":[{"@type":"WebPage","@id":"https:\/\/rretiquetas.com.uy\/sitio\/etiquetas-uruguay\/","url":"https:\/\/rretiquetas.com.uy\/sitio\/etiquetas-uruguay\/","name":"Etiquetas Uruguay - RR Etiquetas Uruguay - A Beontag Company","isPartOf":{"@id":"https:\/\/rretiquetas.com.uy\/sitio\/#website"},"primaryImageOfPage":{"@id":"https:\/\/rretiquetas.com.uy\/sitio\/etiquetas-uruguay\/#primaryimage"},"image":{"@id":"https:\/\/rretiquetas.com.uy\/sitio\/etiquetas-uruguay\/#primaryimage"},"thumbnailUrl":"https:\/\/rretiquetas.com.uy\/sitio\/wp-content\/uploads\/2020\/05\/cropped-rrlogo-01-1.png","datePublished":"2022-08-28T13:56:20+00:00","dateModified":"2023-02-23T11:54:28+00:00","description":"Para tu Producto, la Mejor Etiqueta. Somos l\u00edderes en fabricaci\u00f3n de Etiquetas en Uruguay, para todo tipo de productos, contactanos!","breadcrumb":{"@id":"https:\/\/rretiquetas.com.uy\/sitio\/etiquetas-uruguay\/#breadcrumb"},"inLanguage":"es-UY","potentialAction":[{"@type":"ReadAction","target":["https:\/\/rretiquetas.com.uy\/sitio\/etiquetas-uruguay\/"]}]},{"@type":"ImageObject","inLanguage":"es-UY","@id":"https:\/\/rretiquetas.com.uy\/sitio\/etiquetas-uruguay\/#primaryimage","url":"https:\/\/rretiquetas.com.uy\/sitio\/wp-content\/uploads\/2020\/05\/cropped-rrlogo-01-1.png","contentUrl":"https:\/\/rretiquetas.com.uy\/sitio\/wp-content\/uploads\/2020\/05\/cropped-rrlogo-01-1.png","width":512,"height":512},{"@type":"BreadcrumbList","@id":"https:\/\/rretiquetas.com.uy\/sitio\/etiquetas-uruguay\/#breadcrumb","itemListElement":[{"@type":"ListItem","position":1,"name":"Portada","item":"https:\/\/rretiquetas.com.uy\/sitio\/"},{"@type":"ListItem","position":2,"name":"Etiquetas Uruguay"}]},{"@type":"WebSite","@id":"https:\/\/rretiquetas.com.uy\/sitio\/#website","url":"https:\/\/rretiquetas.com.uy\/sitio\/","name":"RR Etiquetas Uruguay - A Beontag Company","description":"","publisher":{"@id":"https:\/\/rretiquetas.com.uy\/sitio\/#organization"},"potentialAction":[{"@type":"SearchAction","target":{"@type":"EntryPoint","urlTemplate":"https:\/\/rretiquetas.com.uy\/sitio\/?s={search_term_string}"},"query-input":{"@type":"PropertyValueSpecification","valueRequired":true,"valueName":"search_term_string"}}],"inLanguage":"es-UY"},{"@type":"Organization","@id":"https:\/\/rretiquetas.com.uy\/sitio\/#organization","name":"RR Etiquetas Uruguay - A Beontag Company","url":"https:\/\/rretiquetas.com.uy\/sitio\/","logo":{"@type":"ImageObject","inLanguage":"es-UY","@id":"https:\/\/rretiquetas.com.uy\/sitio\/#\/schema\/logo\/image\/","url":"https:\/\/rretiquetas.com.uy\/sitio\/wp-content\/uploads\/2022\/03\/Logo-RR-Etiquetas-A-Beontag-Company.png","contentUrl":"https:\/\/rretiquetas.com.uy\/sitio\/wp-content\/uploads\/2022\/03\/Logo-RR-Etiquetas-A-Beontag-Company.png","width":230,"height":134,"caption":"RR Etiquetas Uruguay - A Beontag Company"},"image":{"@id":"https:\/\/rretiquetas.com.uy\/sitio\/#\/schema\/logo\/image\/"},"sameAs":["https:\/\/www.facebook.com\/rretiquetasuy\/","https:\/\/www.instagram.com\/rretiquetasuy\/?hl=es","https:\/\/uy.linkedin.com\/company\/rr-etiquetas-uruguay"]}]}},"_links":{"self":[{"href":"https:\/\/rretiquetas.com.uy\/sitio\/wp-json\/wp\/v2\/pages\/8456"}],"collection":[{"href":"https:\/\/rretiquetas.com.uy\/sitio\/wp-json\/wp\/v2\/pages"}],"about":[{"href":"https:\/\/rretiquetas.com.uy\/sitio\/wp-json\/wp\/v2\/types\/page"}],"author":[{"embeddable":true,"href":"https:\/\/rretiquetas.com.uy\/sitio\/wp-json\/wp\/v2\/users\/2"}],"replies":[{"embeddable":true,"href":"https:\/\/rretiquetas.com.uy\/sitio\/wp-json\/wp\/v2\/comments?post=8456"}],"version-history":[{"count":145,"href":"https:\/\/rretiquetas.com.uy\/sitio\/wp-json\/wp\/v2\/pages\/8456\/revisions"}],"predecessor-version":[{"id":8465,"href":"https:\/\/rretiquetas.com.uy\/sitio\/wp-json\/wp\/v2\/pages\/8456\/revisions\/8465"}],"wp:featuredmedia":[{"embeddable":true,"href":"https:\/\/rretiquetas.com.uy\/sitio\/wp-json\/wp\/v2\/media\/8160"}],"wp:attachment":[{"href":"https:\/\/rretiquetas.com.uy\/sitio\/wp-json\/wp\/v2\/media?parent=8456"}],"curies":[{"name":"wp","href":"https:\/\/api.w.org\/{rel}","templated":true}]}}